 43 composite?
False
Is 2599 composite?
True
Is 36523 a prime number?
True
Is 5021 a prime number?
True
Is 35099 a prime number?
True
Is 3029 a composite number?
True
Is 27407 composite?
False
Is 344189 prime?
True
Is 4177 a composite number?
False
Is 36867 composite?
True
Is 18591 a composite number?
True
Is 206779 a composite number?
False
Is 2939 composite?
False
Is 11177 prime?
True
Is 91961 composite?
False
Is 143953 a composite number?
False
Is 28639 composite?
True
Is 983077 a prime number?
False
Is 390557 composite?
True
Is 150313 prime?
False
Is 22921 a prime number?
True
Is 870523 composite?
True
Is 28877 a prime number?
False
Is 1067849 a prime number?
True
Is 226923 a prime number?
False
Is 19801 a composite number?
False
Is 63223 composite?
True
Is 150707 a prime number?
True
Is 55378 a prime number?
False
Is 11341 a composite number?
True
Is 644927 prime?
False
Is 72337 prime?
True
Is 2033929 prime?
True
Is 232751 prime?
True
Is 40421 composite?
True
Is 1537 a prime number?
False
Is 156269 a composite number?
False
Is 48449 prime?
True
Is 2303843 a composite number?
False
Is 13283 prime?
False
Is 78307 a composite number?
False
Is 25611 composite?
True
Is 11665 composite?
True
Is 90161 prime?
False
Is 8633 a composite number?
True
Is 12451 a composite number?
False
Is 35517 composite?
True
Is 129581 a composite number?
False
Is 990239 a prime number?
True
Is 34769 prime?
False
Is 101521 composite?
True
Is 233821 composite?
True
Is 792347 prime?
False
Is 15401 a composite number?
False
Is 5833 a prime number?
False
Is 388723 a prime number?
False
Is 583 prime?
False
Is 2161 composite?
False
Is 126619 prime?
False
Is 4846 prime?
False
Is 449 a composite number?
False
Is 4184695 composite?
True
Is 30399 composite?
True
Is 27941 composite?
False
Is 8999 composite?
False
Is 353099 a prime number?
True
Is 84163 a composite number?
False
Is 51587 a prime number?
False
Is 46199 composite?
False
Is 4561 prime?
True
Is 27403 a prime number?
False
Is 689387 prime?
False
Is 305717 a composite number?
False
Is 76481 a prime number?
True
Is 98827 prime?
False
Is 5311 a prime number?
False
Is 718441 a composite number?
True
Is 66577 a composite number?
True
Is 30265 composite?
True
Is 38945 prime?
False
Is 1961 a composite number?
True
Is 297833 a prime number?
True
Is 20287 a prime number?
True
Is 1759453 composite?
False
Is 17419 a prime number?
True
Is 2153 prime?
True
Is 435959 composite?
True
Is 523709 a composite number?
True
Is 229391 a composite number?
True
Is 8222 a composite number?
True
Is 143567 a prime number?
True
Is 89482 a composite number?
True
Is 3498797 composite?
False
Is 88741 a composite number?
False
Is 1705547 a prime number?
False
Is 24935 a prime number?
False
Is 81509 composite?
False
Is 82853 a composite number?
True
Is 5620879 composite?
True
Is 3683 prime?
False
Is 40321 a prime number?
False
Is 267031 a composite number?
True
Is 177107 composite?
True
Is 615367 composite?
False
Is 32885 composite?
True
Is 218885 prime?
False
Is 24809 a composite number?
False
Is 35023 composite?
False
Is 44761 composite?
True
Is 10891 a prime number?
True
Is 121639 a composite number?
True
Is 522943 a composite number?
False
Is 261221 prime?
False
Is 231113 a composite number?
True
Is 659957 composite?
True
Is 25147 a prime number?
True
Is 1664611 composite?
True
Is 22921 prime?
True
Is 3737 composite?
True
Is 1931 prime?
True
Is 40423 composite?
False
Is 352591 a composite number?
True
Is 110189 a composite number?
True
Is 61853 a composite number?
True
Is 19699 prime?
True
Is 13309 prime?
True
Is 654635 a composite number?
True
Is 3221 a prime number?
True
Is 379 composite?
False
Is 23683 a prime number?
False
Is 3743 a prime number?
False
Is 86953 composite?
True
Is 32773 prime?
False
Is 55397 a composite number?
True
Is 63221 a composite number?
True
Is 1684561 a composite number?
False
Is 119687 a composite number?
False
Is 196453 prime?
True
Is 11393 composite?
False
Is 195193 prime?
True
Is 37847 composite?
False
Is 24401 composite?
True
Is 3088031 a prime number?
False
Is 4004765 a composite number?
True
Is 11789 a composite number?
False
Is 211 composite?
False
Is 752977 prime?
True
Is 37397 composite?
False
Is 13309 prime?
True
Is 191827 a composite number?
False
Is 613 prime?
True
Is 19621 composite?
True
Is 25021 composite?
True
Is 2008157 composite?
True
Is 10799 a composite number?
False
Is 7851 composite?
True
Is 13961 prime?
False
Is 81817 composite?
False
Is 356387 prime?
True
Is 115789 prime?
False
Is 74747 prime?
True
Is 14737 a prime number?
True
Is 23447 a prime number?
True
Is 34739 a composite number?
False
Is 36131 composite?
False
Is 275147 composite?
False
Is 13829 a composite number?
False
Is 52667 composite?
False
Is 2333 composite?
False
Is 1291142 a composite number?
True
Is 8039 composite?
False
Is 70139 a composite number?
False
Is 201063 a composite number?
True
Is 20477 prime?
True
Is 50513 a prime number?
True
Is 1009 a prime number?
True
Is 635 a composite number?
True
Is 8749 composite?
True
Is 19973 prime?
True
Is 117679 a prime number?
True
Is 386823 a composite number?
True
Is 361559 prime?
False
Is 10907 a prime number?
False
Is 2903 a composite number?
False
Is 229669 a prime number?
False
Is 6941 a prime number?
False
Is 2771 a composite number?
True
Is 528118 a prime number?
False
Is 68957 a composite number?
True
Is 92203 composite?
False
Is 8353 a prime number?
True
Is 4861 a composite number?
False
Is 37627 a prime number?
False
Is 125497 prime?
True
Is 3079 composite?
False
Is 27227 composite?
True
Is 8119 prime?
False
Is 2157 prime?
False
Is 300133 a composite number?
True
Is 85385 composite?
True
Is 161087 prime?
True
Is 88943 a prime number?
False
Is 868327 prime?
True
Is 6017 a prime number?
False
Is 1225393 a prime number?
False
Is 856706 a prime number?
False
Is 267401 a prime number?
True
Is 24554 a composite number?
True
Is 1213939 a composite number?
False
Is 900637 composite?
True
Is 233743 prime?
True
Is 3793 composite?
False
Is 76303 composite?
False
Is 286367 a composite number?
False
Is 21761 a prime number?
False
Is 195623 a prime number?
False
Is 3649 composite?
True
Is 631 prime?
True
Is 517537 composite?
True
Is 11783 prime?
True
Is 19799 a prime number?
False
Is 20431 composite?
False
Is 10477 a composite number?
False
Is 238097 a composite number?
True
Is 92467 composite?
False
Is 13307 a prime number?
False
Is 420551 prime?
True
Is 6031 prime?
False
Is 97813 a composite number?
False
Is 138283 a prime number?
True
Is 88651 a composite number?
False
Is 60035 prime?
False
Is 2771 a prime number?
False
Is 11801 a composite number?
False
Is 18059 a composite number?
False
Is 7019 composite?
False
Is 57173 prime?
True
Is 438827 prime?
True
Is 392849 a prime number?
True
Is 982931 composite?
False
Is 2065309 composite?
False
Is 468967 prime?
True
Is 19846 a composite number?
True
Is 39451 a prime number?
True
Is 104623 a prime number?
True
Is 43853 prime?
True
Is 8143 a prime number?
False
Is 705469 prime?
False
Is 815659 prime?
False
Is 4713 composite?
True
Is 32159 a prime number?
True
Is 4269 prime?
False
Is 93785 a prime number?
False
Is 199777 a prime number?
True
Is 28489 composite?
True
Is 399097 a prime number?
True
Is 17833 composite?
True
Is 15109 composite?
True
Is 18481 a prime number?
True
Is 266939 a composite number?
True
Is 60199 composite?
True
Is 337583 composite?
False
Is 9442 a prime number?
False
Is 82589 a composite number?
True
Is 7283 a prime number?
True
Is 79 prime?
True
Is 28387 a prime number?
True
Is 7841 prime?
True
Is 71033 composite?
True
Is 66191 a prime number?
True
Is 19181 a prime number?
True
Is 231169 prime?
True
Is 636697 composite?
False
Is 22013 prime?
True
Is 435515 a composite number?
True
Is 5507 a composite number?
False
Is 6623 composite?
True
Is 62911 a composite number?
True
Is 103549 a composite number?
False
Is 9761 prime?
False
Is 6749 a prime number?
False
Is 37043 composite?
True
Is 19289 a composite number?
False
Is 55291 a composite number?
False
Is 4567 prime?
True
Is 84443 composite?
False
Is 22251 a prime number?
False
Is 75937 prime?
True
Is 11981 prime?
True
Is 43481 prime?
True
Is 7382 prime?
False
Is 2